Let y = 4569 + -4576. Calculate q(y).
20
Let x(v) = -v**3 + 5*v**2 + 5*v + 4. Let d be x(5). Suppose -3*q + 35 = d. Let i(t) = 537 - 2*t - 537 - t**q. What is i(-3)?
-3
Let o(u) = 12*u + u**2 - 22*u - 6 + 0*u**2. Let a(p) = p**3 - 54*p**2 - 4*p + 227. Let d be a(54). Determine o(d).
5
Let x(y) = 24 - 4*y + 24 - 39 - 28 + 17. Let f be (-5)/1*(-6)/(-15). Determine x(f).
6
Suppose 59*w - 67 - 110 = 0. Suppose 5*d - 5 = 5. Suppose -1 = -g - f, -g + d = -3*f - w. Let p(v) = v**3 - v**2 + 1. What is p(g)?
5
Let k(l) = -l**2 - 3*l - 7. Suppose 0 = -a + n - 26 + 25, 0 = -3*n - 3. Calculate k(a).
-5
Let i(t) = -t**3 + 2*t**2 + 2*t - 3. Suppose 15 = 3*s + 4*m - 17, -4*s + 40 = 4*m. Suppose 5*c + 0*c = -4*l - 5, -c = -l - s. Calculate i(c).
-6
Let i(a) = a**3 - 7*a**2 - 8*a + 7. Suppose 2*n + y = -39, 4*n = y - 5*y - 84. Let h = -14 - n. Suppose -7 = h*j + o - 34, 4*j = 5*o + 57. Give i(j).
7
Let v(f) = -4*f**3 + 10*f + 15. Let g(x) = -28*x - 1906. Let r be g(-68). Determine v(r).
27
Let s be 8/(-64) + (-16813)/344. Let z(i) = i**3 + 47*i**2 - 93*i + 249. Calculate z(s).
4
Let u(g) = 93249 + 16*g - 93224 - 4*g**2 + 3*g**2. Give u(17).
8
Let b(h) = 180*h - 94*h + 24 - 87*h. What is b(25)?
-1
Let t(x) = x**2 - 14*x - 75. Suppose -2 = -p, -i - p = -133 + 113. Give t(i).
-3
Let q(k) = -k - 3. Let i(u) = -3*u - 8. Let m(n) = 4*i(n) - 11*q(n). Let g = -438547 - -438539. Give m(g).
9
Let i = -2682 + 2691. Let j(r) = 13*r - 11. What is j(i)?
106
Let s(c) = -17*c**3 + 140*c**2 + 123*c - 19. Let q be s(9). Let l(v) = -2*v**2 + 64*v + 227. Calculate l(q).
17
Let z be (-17)/(2/(-18) + (-10)/45). Suppose 3*y - z = -15. Suppose 0 = -y*u + 20*u + 64. Let w(l) = l**2 + 7*l. What is w(u)?
8
Let v(x) = -x + 1 - 3*x + 30*x**2 - 31*x**2. Let n = 24 - 9. Suppose -s + n = -4*s. What is v(s)?
-4
Suppose 3*c = -n + 16, 3*c = 219*n - 222*n + 24. Let g(p) = 6*p**2 - 22*p - 4. What is g(n)?
4
Let u = 6746 - 6739. Let a(h) = 30*h - 223. What is a(u)?
-13
Let c(t) = 306 - 157 - 707*t - 151 + 726*t. Determine c(0).
-2
Let j(r) = 22*r**3 - 2*r + 44*r**2 - r + 12 - 47*r**3 + 24*r**3 - 27*r**2. What is j(17)?
-39
Let a(k) = 216*k**2 - 408*k**2 - 14*k + 191*k**2 + 47. Calculate a(-17).
-4
Let d(c) be the third derivative of 1/15*c**5 + 0 + 79*c**2 - c**3 + 0*c - 1/120*c**6 + 1/8*c**4. Give d(4).
6
Let l(i) = -7*i**2 - 1. Let w(f) = 8*f + 9. Suppose -13*j = -18 + 31. Let a be w(j). Calculate l(a).
-8
Suppose -80*i = 8*i + 1232. Let t(h) = -h**3 - 14*h**2 + 27. What is t(i)?
27
Let b(u) = -3*u**2 - 11*u + 137. Let d(x) = 16*x**2 + 55*x - 748. Let m(h) = -11*b(h) - 2*d(h). Calculate m(-6).
-41
Let j = -53 + 54. Let o(f) = f - 2. Let z(w) = 11*w**2 + 2*w - 7. Let t(q) = -4*o(q) + z(q). Give t(j).
10
Suppose 5*z - 4*z - 2 = 0. Let u = 1422 + -1416. Let w(v) = 0*v**3 + 5*v**2 + u*v - z*v**3 + 0*v**3 + 2 + v**3. Calculate w(6).
2
Let z(m) = m**3 + 25*m**2 - 25*m + 42. Let j be z(-26). Let u(t) = t**3 + t**2 + 5 + 2*t + j*t**2 - 9*t**2. Determine u(-8).
-11
Let p(r) = -42*r**2 - 47*r**2 - 27*r - 6 - 61*r**2 + 165*r**2 - r**3. Give p(13).
-19
Let u(k) be the second derivative of -k**7/2520 - k**6/144 - k**5/40 + 9*k**4 - 55*k - 1. Let d(i) be the third derivative of u(i). Calculate d(-6).
-9
Suppose 16 = 7*o + 9. Let p = -1 + 3. Let r(b) = 2*b - p*b + b**3 + o + 3*b + b + 6*b**2. Determine r(-5).
6
Let z(j) = -j**3 - 14*j**2 - 11*j + 13. Let b be z(-13). Let k = -5 - b. Suppose 3*l + k = -4*a, 3*l + 0 + 12 = 0. Let u(r) = -17*r + 1. Give u(a).
-16
Let a(y) = y**3 - 12*y**2 + 13*y - 1. Suppose -819 = -10*p - 4*p - 77*p. Give a(p).
-127
Suppose -3*h - 28 = -10. Let s be (-4)/(-108)*9 - (-32)/h. Let p(a) = a**3 + 6*a**2 + 7*a + 4. Give p(s).
-6
Let n = 817 + -767. Suppose 4*x - r = n, -x + 4*x = 2*r + 40. Let q(c) = c - 7. Determine q(x).
5
Let h(d) be the second derivative of d**4/12 - d**3/3 - 7*d**2/2 + 2411*d. Let i(x) = 5*x**2 + 1. Let u be i(-1). Suppose -z + u = 1. What is h(z)?
8
Let j be ((-3 - -5) + -3)*-2. Let m(u) = 2*u**2 - 4*u + 13. Let s be m(6). Let k(z) = 2 - 2 - 57*z - j + s*z. Calculate k(5).
18
Let c(w) = -w**2 + 7*w + 6. Let j be 7*-1*-2*(-84)/24. Let p = 2 + -2. Let s be (-3)/7 + p - 266/j. Calculate c(s).
16
Let b(d) = -3*d - 51. Let v(l) = 15*l + 203. Let y(z) = 4*b(z) + v(z). What is y(14)?
41
Let f(n) be the third derivative of -n**5/60 + n**4/4 + 2*n**3/3 + 51*n**2. Suppose 9*u - 142 = -115. What is f(u)?
13
Let h(t) = -3*t**2 - t - 40. Let q(j) = 2*j**2 + j + 38. Let n(s) = -4*h(s) - 3*q(s). Let p(f) be the first derivative of n(f). Give p(2).
25
Let s(a) = -2*a**2 - 6*a + 13. Let k = -8023 - -8029. Give s(k).
-95
Suppose 0 = 26*b - 13*b - 52. Suppose 0 = s - 6 + b. Let u(q) = -22*q + q**2 + s*q + 12*q. Give u(7).
-7
Let y = -12363 - -12357. Let c(r) = 4*r - 3. Give c(y).
-27
Let p(y) be the first derivative of y**2/2 - 5*y + 85. Suppose 3*f - 15 = -0*f. Calculate p(f).
0
Let w(y) = -3 - 36*y**3 - 21*y**3 + 4*y**2 + 8*y + 56*y**3. Let a(i) = 3*i + 17. Let g be a(-4). Give w(g).
12
Let n = 4262 + -4258. Let h(b) = -7*b**2 + 27*b - 10. Calculate h(n).
-14
Let g(r) = -5*r - 39. Let i be ((-8)/2)/(14*(-19)/(-532)). Give g(i).
1
Suppose 609*p - 576 = 417*p. Let h(k) = -62*k + 198. Determine h(p).
12
Let h(j) = 4*j**2 - 50*j + 22. Let w(o) = -o**2 + 14*o - 6. Let n(m) = 3*h(m) + 11*w(m). Let k be 27/6*(2 - 0). Suppose -2*y = y + k. Calculate n(y).
-3
Suppose 4*o - 50 + 26 = 0. Let h(n) = n**3 - 5*n**2 + n - 27. Let f be h(o). Suppose -f = -5*q - d, -2*d = d. Let r(j) = 3*j**2 - 3*j - 4. Calculate r(q).
14
Let d(j) = 5*j**3 - 3*j**2 + 11*j - 4. Let k(p) = 3*p**3 - 2*p**2 + 11*p - 3. Let s(l) = 2*d(l) - 3*k(l). Calculate s(3).
-5
Suppose -6*w + 3*y - 55 = -10*w, -w + 10 = -3*y. Suppose -w*r + 10*r + 4*v + 33 = 0, -3*v - 16 = -r. Let o(s) = -3*s + 9. What is o(r)?
-12
Let j(m) be the first derivative of 2*m**2 - 11*m - 825. Calculate j(6).
13
Let q(g) be the third derivative of -g**4/24 + 2*g**3/3 - 2805*g**2. What is q(-8)?
12
Let a(q) = 6*q + 26 - 43 + 2*q**2 - 22*q**3 + 20 + 25*q**3. Determine a(-1).
-4
Let f(k) be the second derivative of -22*k**3/3 + 11*k**2/2 - 67*k + 15. What is f(-2)?
99
Let a be (3/3*1)/(-1). Let m(g) = -75372*g - 10*g**2 + 2*g**2 + 75370*g - 1. Give m(a).
-7
Let x(v) = 21*v**2 + 3*v + 7. Let j be (88/242)/(8/(-44)). Calculate x(j).
85
Let z(r) be the second derivative of r**3 + r**2 + 2*r. Suppose 5*n + 2*i - 409 = 0, 3*n - 249 = -0*n - 3*i. Let b = 79 - n. Give z(b).
-10
Let k be ((23 - 14) + 1)*(-6)/4. Let m(c) = -c**3 - 20*c**2 - 74*c + 28. Calculate m(k).
13
Let m(o) = o**3 + 10*o**2 + o + 6. Let h be m(-10). Let u be 8 + -1 + (-2)/2. Let s be ((-9)/(-3))/(u/h). Let k(d) = 4*d + 3. Calculate k(s).
-5
Let q be 16/((-336)/(-2403)) + 9/(-21). Suppose r + 120 = q. Let c(d) = -d - 9. Determine c(r).
-3
Let m(y) = -1 - 1 + 49 + 0 - 40 - 3*y. Let o = 6 + -1. Determine m(o).
-8
Let j(u) = u**3 - 2*u**2 + 1. Let f = 4 + -8. Let t(m) = -m + 1. Let k(i) = -2*i - 16. Let g(y) = f*t(y) + k(y). Let p be g(11). Determine j(p).
1
Let a(h) = -h**3 + 8*h**2 + h - 13. Suppose -17*g + 20*g = 16*g - 91. Give a(g).
43
Let q(m) be the first derivative of m**7/840 + m**6/60 - m**5/60 - m**4/12 + 2*m**3/3 - 13*m + 41. Let c(r) be the third derivative of q(r). What is c(-6)?
10
Let z(h) = 5*h + 46. Let g = -7899 - -7886. Determine z(g).
-19
Let v = 213 - 196. Let y(z) = -21*z - 4 + 12*z - 18*z**2 + v*z**2. Calculate y(-7).
10
Suppose -5*q + 3*r = -2*r - 5, 4*q = -2*r - 14. Let n be q - (-107)/(-4) - (-3)/(-12). Let f = -26 - n. Let u(s) = -2*s - 2. Calculate u(f).
-8
Let n(g) = -1 + g + g**2 - 2*g**2 + 0*g**2. Let p(x) = 5*x + 6. Let r(o) = 9*o + 12. Let m(a) = -11*p(a) + 6*r(a). Let d be m(5). Give n(d).
-1
Suppose 0 = -2*h - 4*a + 268 + 124, 2*a = -2*h + 392. Let z = -205 + h. Let l(j) = j + 12. Calculate l(z).
3
Let w = 2370 - 2371. Let s(d) = -61*d + 1. Calculate s(w).
62
Let o be 12 - 0 - 18*250/225. Let k(m) = m**3 + 10*m**2 + 7*m - 11. What is k(o)?
61
Let v(z) = -11*z - 82423 - z**2 + 82406 - 4*z. Determine v(-12).
19
Let t be (40 - ((-1)/(-3) + (-132)/(-36))) + -2. Let y(m) = 2*m**2 - 67*m - 28. What is y(t)?
6
Let t(a) = a**3 + a**2 - 4*a + 4. Let p = -30 + 26. Let c be t(p). Let s = c + 24. Let f(v) = -v**3 - 3*v**2 + 5*v - 1. Calculate f(s).
-5
Let m(z) be th